(1).
2
Suppose -4*m - 4 = 4*b - 28, -5*b = -4*m + 15. Let u be (-2)/(b/((-6)/4)). Suppose -u*p + 49 = 16. List the prime factors of p.
11
Let s(w) = w + 5. Let p be s(0). Suppose 4*x - p*x - 16 = 0. Let g = -2 - x. What are the prime factors of g?
2, 7
Suppose f - 156 = -3*f. What are the prime factors of f?
3, 13
Let m = -3 - -3. Suppose m = -3*k - 2*k + 185. What are the prime factors of k?
37
Let o(s) = 2*s**2 + 3*s + 2. Let x be o(-3). Let y = x + -19. Let n = 1 - y. List the prime factors of n.
3
Let p(g) be the second derivative of 0 - 1/20*g**5 - g**2 + 1/6*g**3 + 5/12*g**4 - 4*g. What are the prime factors of p(5)?
3
Let m(n) = -n**3 - 20*n**2 - 26*n + 29. What are the prime factors of m(-19)?
2, 3
Let g be -2 + -11 + (3 - 1). Let h = g + -1. Let c = 19 + h. List the prime factors of c.
7
Let b = 5 + 15. Suppose -s = -6*s + b. Suppose -8*d = -s*d - 12. What are the prime factors of d?
3
Let c(j) = -j**3 - 10*j**2 + 4. Let q be c(-10). Suppose 3*y = -5*t + 81, y = -t + q*y + 9. List the prime factors of ((-6)/t)/((-2)/80).
2
Let l(u) be the first derivative of 1/3*u**3 - 1 - 1/2*u**2 + 4*u. What are the prime factors of l(3)?
2, 5
Suppose -3*c + 4*c = 11. Let y(u) = u**3 - 10*u**2 - 10*u. What are the prime factors of y(c)?
11
Let s = -6 + 8. Let i = 10 - s. What are the prime factors of i?
2
List the prime factors of (1 - -2) + (118 - 15).
2, 53
Let f = 93 - 59. List the prime factors of f.
2, 17
Let j(d) = d**2 + 9*d + 7. Let y be j(-9). What are the prime factors of (-2)/(-6)*(47 + y)?
2, 3
Let i(o) = -o. Suppose -3*j + 5*b = 13 - 4, 2*j - 4*b = -6. List the prime factors of i(j).
3
Let b = 86 + -35. List the prime factors of b.
3, 17
Let m = -10 - -7. What are the prime factors of ((-35)/15)/(m/9)?
7
Suppose 4*p - 25 = 9*p. Let j(g) = g**3 + 4*g**2 - 7*g + 1. List the prime factors of j(p).
11
Let q(p) = p + 1. Let g be q(-7). Suppose 0 = -a - a - 18. Let j = g - a. What are the prime factors of j?
3
Let g(s) = -s**3 + 2*s**2 + 2*s - 1. Let r be g(2). Suppose 0 = -2*t - q - 2*q + 7, -r*t + 9 = 4*q. Let j = t - -6. What are the prime factors of j?
5
Let d(i) = -41*i**2 + 4*i. Let r(w) = 42*w**2 - 5*w. Let a(c) = -5*d(c) - 4*r(c). Let n be a(-1). Let y = n + -25. List the prime factors of y.
2, 3
Let x = 2 + 2. Let t(b) = 2*b**2 + 1 + 0*b**2 + 2 + x*b. What are the prime factors of t(-2)?
3
List the prime factors of (-4)/(-4)*0 + 7.
7
Let v = 7 - 8. Let w be (5/((-10)/4))/v. Suppose -2*t + 18 = -5*c, c - 14 = -w*t + 4*c. List the prime factors of t.
2
Let z(j) = j**3 + 6*j**2 - 7*j. Let u be z(-7). Suppose -3*k = 3*v + k - 47, u = 2*k - 4. List the prime factors of v.
13
Let n = 10 + -8. Suppose -n*o - w + 12 = -3*w, -4*o = 2*w - 6. Suppose 4*f + 0*i - 51 = 3*i, 0 = f - o*i - 6. List the prime factors of f.
3, 5
Let f(u) = 18*u**2 - u + 2. What are the prime factors of f(1)?
19
Let u(l) be the second derivative of 1/20*l**5 + 1/3*l**3 - 11/2*l**2 - l**4 + 0 - l. List the prime factors of u(12).
13
Let x = 6 - 6. Suppose -v - 2*v - 30 = x. Let h = 22 + v. List the prime factors of h.
2, 3
Suppose -55 = -4*g - i + 77, -g = -i - 28. List the prime factors of g.
2
Suppose -5*x + 102 = b, 2*x - 2*b = 15 + 33. What are the prime factors of x?
3, 7
Suppose -12*h + 7*h = -205. List the prime factors of h.
41
Suppose 8 = -5*f - 27. Let r(v) = -v**2 - 11*v - 7. List the prime factors of r(f).
3, 7
Let y be (67/(-3))/((-1)/(-3)). Let f = y - -109. Suppose 2*o - f = -4*b, -2*o - o + 13 = -4*b. List the prime factors of o.
11
Let j(l) = l**3 - 4*l**2 + 8*l + 10. List the prime factors of j(5).
3, 5
Let q(r) = -r**3 - 11*r**2 - 10*r + 5. Let m be q(-10). Suppose -62 = -m*x + 98. List the prime factors of x.
2
Suppose 32 + 5 = a. What are the prime factors of a?
37
List the prime factors of (-21)/(-35) - 184/(-10).
19
Suppose n - 8 = -4*d + 19, 0 = 5*d - n - 45. Let i(w) = -w**3 + 8*w**2 + 4*w + 4. What are the prime factors of i(d)?
2, 3
Suppose 3*c + 4 = 5*c - 4*r, -3*c + r = -26. What are the prime factors of 6/c - 666/(-15)?
3, 5
What are the prime factors of 20 + 1*(0 - -2)?
2, 11
Let c = 1 + 2. Let a be (-2)/c + (-8)/(-12). Suppose a = 4*r - 42 + 14. List the prime factors of r.
7
What are the prime factors of (-652)/(-4) - -2 - 5?
2, 5
Let j(f) = 35*f. Let b be j(3). Suppose 8*m = 3*m + b. What are the prime factors of m?
3, 7
Suppose -4*i + 49 = b + 17, -b + 2*i = -38. Suppose 0*d = d - b. List the prime factors of d.
2, 3
Suppose 5*f + 5 - 70 = 0. Suppose -o + f = -r, 3*r + 20 = -2*r. What are the prime factors of o?
3
Suppose 1635 + 465 = 12*h. List the prime factors of h.
5, 7
Suppose -3*o + 5*x = -72 + 21, 0 = 5*o - x - 85. What are the prime factors of o?
17
Let y(g) = -31*g - 4. List the prime factors of y(-6).
2, 7, 13
Let y(h) = -h**3 - 4*h**2 - 4*h - 6. Let a be y(-4). Suppose -4*w - w = -a. Suppose w*u + 8 - 20 = 0. What are the prime factors of u?
2, 3
Let c(f) = 12 + 2*f**2 - 10*f - 4*f**2 + 3*f**2. Let o be c(9). Suppose -2*w = k + 2*k - 16, -4*w + 20 = o*k. List the prime factors of w.
2
Let o(t) = -6 + 2 + 3*t + 0*t - 3. List the prime factors of o(9).
2, 5
Let x(g) = 8*g - 4 + 3*g - 1 - 4*g. Let v be x(7). Let u = -26 + v. What are the prime factors of u?
2, 3
Let d = 13 - 18. Let i = 7 + d. Suppose 3*q - 3*w = 21, -2*q - i*q + 28 = 2*w. What are the prime factors of q?
7
Suppose 44 = 3*n + 4*z + z, -2*z - 4 = 0. Suppose 4*c - k + 1216 = 0, 3*c + 5*k = -0*k - 935. List the prime factors of 4/n - c/45.
7
Let r(j) = -9*j**3 + 2*j**2 + 10*j + 3. What are the prime factors of r(-3)?
2, 3, 13
Let q be -9 - 2 - (0 - 2). Let c = 18 - q. What are the prime factors of c?
3
Let s(z) = z**3 + 5*z**2 + 5*z - 1. Let l be s(-4). Let c = -2 + 0. Let i = c - l. What are the prime factors of i?
3
Suppose 2*r + 5*k + 22 = -r, k = 5*r + 18. Let o = r + 7. Suppose -59 = -5*n - b, 0*n - o*n + 5*b + 13 = 0. What are the prime factors of n?
11
Let z be (0 + 48)/1 + 2. List the prime factors of 4/(-16) - z/(-8).
2, 3
Let q(w) = -3*w - 7. Suppose 2*y + 4*p + 40 = -2*y, -2*y - 4 = -2*p. List the prime factors of q(y).
11
Suppose 4*w = o + 14, -4 = 5*o + 4*w - 30. List the prime factors of o.
2
Let g(t) = 4 + 0*t - 2*t + t + 0*t. Let m be g(0). Suppose 2*y - 60 = -3*y + m*x, -5*x - 24 = -2*y. What are the prime factors of y?
2, 3
Let o(h) = h**3 - h**2 - 7*h + 13. What are the prime factors of o(6)?
151
Let q = 15 - -2. List the prime factors of q.
17
Let p(i) = -i + 4. List the prime factors of p(-20).
2, 3
Let g = -22 - -24. Suppose -2*n - 12 = -4*n. Suppose g = h - n. What are the prime factors of h?
2
Let c(a) = a**2 - 8. Let z be c(-6). List the prime factors of z*((-6)/(-2))/6.
2, 7
Suppose 3*u - 5 = 13. Let w be u - ((-2 - -1) + 1). Suppose w = -5*c + 31. What are the prime factors of c?
5
Let g(v) = 19*v - 1. What are the prime factors of g(1)?
2, 3
Let c(i) = i**3 - 8*i**2 + 7*i + 8. Let v be c(7). Let a(g) = -g**3 + 9*g**2 - 6*g - 4. List the prime factors of a(v).
2, 3
Suppose 5*d + 1 = -74. Let m be (1 - -5) + 3/(-1). What are the prime factors of ((-24)/(-9) - m)*d?
5
Suppose -3*j + l + 3*l = 0, 0 = -4*l + 12. Suppose 34 = j*u - 18. List the prime factors of u.
13
Suppose -2*r + 497 = 161. List the prime factors of r.
2, 3, 7
Let x = 35 - -15. What are the prime factors of x?
2, 5
Suppose -2*f + 0*y - 4*y + 2 = 0, 0 = -5*f + 2*y - 31. Let c be 2 - 1*f - 1. Suppose -15 = d - c*d. What are the prime factors of d?
3
Suppose -3*i + 115 = 2*i. Let t be i/5 - 2/(-5). Suppose 4*d + 68 = 5*z, -t = 3*d + 1. What are the prime factors of z?
2, 3
Let v be 1 + -1 + -56 + -1. List the prime factors of v*(30/(-9) - -3).
19
Let q be 5 + (12/(-2))/2. Let l = 2 + q. Suppose -5*a + l*k = 6*k - 90, 2*k = 10. List the prime factors of a.
2
Let a be -24*((-3)/6 + -1). Suppose 39 + a = 5*m. Let x = m - 5. What are the prime factors of x?
2, 5
Let p be ((-4)/6)/((-7)/21). Suppose 4*n + p = 5*n. What are the prime factors of 15 + (-1*n - -1)?
2, 7
Suppose 0 = -5*x + 4*s + 14 + 42, x + s - 4 = 0. List the prime factors of x.
2
Let k(p) = -18*p**3 + p**2 - p - 1. Let m be k(-1). Suppose -3*u = -26 - m. List the prime factors of u.
3, 5
Let q(i) = -i**3 + 8*i**2 + 7*i - 5. What are the prime factors of q(8)?
3, 17
Let n(x) = 2*x**2 + x - 1. Let d be (-2)/(-6)*(